54480a5 (base 11) to base 13.
-1ca1718
What is 41798 (base 16) in base 15?
546de
-61290 (base 11) to base 6
-1530234
What is -421342114 (base 6) in base 12?
-256793a
Convert 11220220202 (base 3) to base 12.
480a8
Convert 177057 (base 10) to base 8.
531641
What is -dac69 (base 16) in base 2?
-11011010110001101001
Convert -66461 (base 9) to base 2.
-1010110001010111
2110014 (base 6) to base 2
11000111111111010
Convert -c6b1 (base 16) to base 8.
-143261
Convert -2859267 (base 10) to base 7.
-33206025
Convert -fcfe8 (base 16) to base 7.
-11544115
What is 31301113001 (base 4) in base 7?
42453632
Convert 1ee1d (base 16) to base 11.
87044
What is -212783 (base 9) in base 2?
-11110111100100111
182f34 (base 16) to base 13
436551
What is -1302b1 (base 12) in base 4?
-1030002211
What is 2036441 (base 7) in base 2?
111011110000110000
-45c03 (base 16) to base 12
-119403
102213100201 (base 4) to base 13
101ac1c
2954134 (base 10) to base 9
5502271
4665 (base 8) to base 10
2485
Convert 1193b0 (base 14) to base 3.
1010120100101
What is -42154502 (base 6) in base 12?
-4b2a32
-86143 (base 9) to base 12
-28b86
-1930b7 (base 16) to base 6
-55214531
What is -286173 (base 9) in base 3?
-22220012110
12112211200 (base 3) to base 5
11443413
246662 (base 7) to base 12
22492
2552a13 (base 11) to base 4
100320123330
6124333 (base 7) to base 13
1c6ab6
Convert 2451425 (base 6) to base 5.
13200043
Convert 2008615 (base 11) to base 6.
204104024
2300121222 (base 4) to base 7
6066345
What is 779435 (base 15) in base 16?
56fecd
Convert 635741 (base 12) to base 3.
2221111122011
1772532 (base 11) to base 15
3e543c
What is -10234120 (base 5) in base 11?
-5a226
Convert 93506 (base 13) to base 10.
264491
What is -17500634 (base 9) in base 2?
-100001100100001001100010
What is -20704 (base 16) in base 10?
-132868
2270602 (base 10) to base 7
25204555
Convert -333460 (base 8) to base 5.
-12044212
Convert 52662610 (base 7) to base 11.
25828a3
What is 2555345 (base 6) in base 15?
2b6ae
Convert 310401 (base 8) to base 12.
4b4a9
42042043 (base 5) to base 7
2642162
Convert 65652 (base 10) to base 14.
19cd6
Convert -2111100222 (base 3) to base 10.
-49112
What is -212113000 (base 4) in base 11?
-a8057
-31203030001 (base 4) to base 3
-20200110102121
-8406088 (base 10) to base 12
-2994774
What is 1140443 (base 9) in base 8?
2265211
What is -66473 (base 13) in base 5?
-21412233
What is 526700 (base 9) in base 13?
ac7b8
What is 161708 (base 13) in base 12?
223bbb
What is 20221223013 (base 4) in base 11?
130995a
343110231 (base 5) to base 2
101110110110001011010
Convert -b1595 (base 16) to base 11.
-456853
What is 70863 (base 15) in base 7?
3012453
Convert 14546658 (base 9) to base 4.
123212120333
Convert 4a061 (base 12) to base 10.
100297
Convert 2475753 (base 8) to base 14.
13c575
-678072 (base 10) to base 12
-2884a0
What is -103112122 (base 4) in base 8?
-232632
-2188807 (base 9) to base 12
-48b48a
What is 5211633 (base 7) in base 4?
2120210121
Convert 10223131210 (base 4) to base 5.
303222341
-100426 (base 7) to base 3
-212100111
Convert 451105 (base 7) to base 9.
131207
What is 43542124 (base 6) in base 9?
2407087
112012344 (base 5) to base 8
1722356
Convert -725612 (base 8) to base 10.
-240522
What is -46066 (base 10) in base 2?
-1011001111110010
-140143215 (base 6) to base 13
-776537
1072877 (base 11) to base 9
3471722
3411334 (base 9) to base 2
111000000110000000011
5344011 (base 6) to base 8
1001007
-10221211220 (base 3) to base 7
-443043
-15513 (base 15) to base 7
-404061
2201137 (base 10) to base 13
5c0b63
5573dc (base 16) to base 14
a5ac7a
What is 23106042 (base 7) in base 2?
111101100111001110000
-9505 (base 14) to base 13
-b8c6
What is 3306586 (base 9) in base 2?
110110001101011000111
Convert 4394d8 (base 14) to base 11.
13261a1
Convert -2260 (base 14) to base 2.
-1011101001100
What is -13131043 (base 7) in base 2?
-100100101001011101010
What is 10120132 (base 4) in base 10?
17950
-2124194 (base 10) to base 12
-865342
What is -2022103132 (base 4) in base 7?
-4546405
What is -24b52e (base 16) in base 7?
-26306432
What is -1101101101010001000 (base 2) in base 5?
-103333120
2312240 (base 5) to base 6
520242
17515122 (base 8) to base 6
223534054
3503535 (base 7) to base 8
1530012
-34152340 (base 6) to base 7
-11564502
-6435 (base 11) to base 15
-27c3
What is 2bf08 (base 16) in base 12?
881a0
Convert -10100000010111101000110 (base 2) to base 12.
-19150b2
-111333130 (base 4) to base 2
-10101111111011100
Convert -2052015 (base 7) to base 3.
-110121012020
What is 312311023 (base 4) in base 10?
224587
3025839 (base 12) to base 11
50a3878
What is -11010100011101010010001 (base 2) in base 3?
-111002200210210
-45072 (base 10) to base 6
-544400
What is de3d1b (base 16) in base 5?
12212032020
What is 214139 (base 10) in base 8?
642173
11443224 (base 5) to base 11
75043
What is -21ca86 (base 13) in base 14?
-16b419
2442245 (base 6) to base 15
28858
-226966 (base 16) to base 9
-4216504
Convert 61407 (base 16) to base 15.
7d063
What is -152221421 (base 6) in base 7?
-36060400
-9201 (base 14) to base 8
-61001
51211061 (base 7) to base 9
8030675
What is -233102030 (base 4) in base 9?
-324605
Convert 215ca5 (base 13) to base 6.
24450555
Convert -57074 (base 8) to base 14.
-8b12
What is 243115c (base 13) in base 15?
ebb761
Convert 1156233 (base 10) to base 2.
100011010010010001001
Convert -112883 (base 10) to base 11.
-778a1
Convert -4381322 (base 9) to base 12.
-95779b
Convert -118276 (base 9) to base 16.
-117f9
Convert 3101 (base 13) to base 7.
25466
What is 898c (base 15) in base 3?
1110222220
Convert 10100001100101011 (base 2) to base 6.
1435003
Convert 2234432343 (base 5) to base 13.
1060560
323213 (base 7) to base 13
1c865
Convert -43205610 (base 7) to base 9.
-6832703
What is -2406102 (base 9) in base 7?
-14036252
Convert 121010121 (base 3) to base 13.
5479
3312871 (base 10) to base 15
4568d1
What is -1144344 (base 6) in base 13?
-2178a
Convert 1168fd (base 16) to base 12.
470365
-363a732 (base 13) to base 12
-577011a
What is -4949 (base 13) in base 6?
-120002
Convert 121101200110121 (base 3) to base 16.
84f484
10210022012020 (base 3) to base 2
111101011100111000111
What is 3b41c (base 13) in base 6?
2211451
537c42 (base 15) to base 5
2004201022
Convert ac823 (base 14) to base 7.
3362443
10012122121020 (base 3) to base 14
3257c5
Convert 10a6367 (base 11) to base 15.
280bb3
What is 202262121 (base 7) in base 10?
11813670
-20da7d (base 14) to base 9
-2076251
Convert -880 (base 11) to base 3.
-1110010
Convert -420221 (base 5) to base 7.
-55160
5b112 (base 14) to base 2
110110010100001100
32055414 (base 6) to base 12
39456a
163070 (base 9) to base 6
2054013
What is 123235413 (base 6) in base 2?
1001001001111110000001
-1a2793 (base 11) to base 16
-4bf20
Convert -3195 (base 13) to base 2.
-1101011100010
What is -fae9 (base 16) in base 15?
-14073
What is 5228 (base 16) in base 10?
21032
Convert 10525824 (base 9) to base 13.
10954a2
What is -35432314 (base 7) in base 14?
-5b827b
Convert -27a61 (base 15) to base 11.
-87641
What is -301211 (base 6) in base 16?
-5c47
Convert -3535216 (base 8) to base 4.
-3223222032
Convert -101100010000111011011110 (base 2) to base 6.
-1052412422
What is 31124 (base 11) in base 7?
246236
-613f8 (base 16) to base 2
-1100001001111111000
What is -11001100001110001111100 (base 2) in base 5?
-3203120324
-554878 (base 10) to base 15
-ae61d
What is 3055140 (base 8) in base 7?
6611154
Convert -1600035 (base 7) to base 13.
-78600
What is -105472 (base 8) in base 5?
-2120032
Convert -34196 (base 11) to base 5.
-3040343
Convert a29b14 (base 15) to base 11.
43a9076
What is -6b57a (base 16) in base 10?
-439674
What is 1101111000110111001 (base 2) in base 3?
212010021110
What is 1426742 (base 8) in base 13?
11242c
Convert 1ab2712 (base 13) to base 3.
121200002221201
-e421e (base 16) to base 13
-269423
-27034621 (base 8) to base 13
-133807b
-1000011100101111110010 (base 2) to base 15
-2db3ed
Convert -1001101111101100101 (base 2) to base 14.
-84537
What is 331549a (base 12) in base 8?
45104566
Convert 153272 (base 8) to base 12.
2798a
Convert -3b7432 (base 12) to base 16.
-f10a6
What is -101110000111 (base 3) in base 7?
-1514251
Convert -38205a1 (base 11) to base 13.
-14b3208
What is 50a